Let s(j) = 5*j**2 + 1. Let m be 1 + -1*(-1 - -1). Let q be s(m). Let l(n) = -n**3 + 8*n**2 - 7*n - 8. Is l(q) a prime number?
False
Let g(f) = 93*f**3 - f**2 + 4*f - 5. Is g(2) a composite number?
False
Let j be 1*3 - (-7 - -7). Suppose j*b = -2*l + 101, -4*l - l + b = -227. Is l composite?
True
Let d = -7 - -8. Is 102 - (-1)/d - 0 a prime number?
True
Let w(s) = s**2 - s - 2. Let j be w(3). Suppose -n - j*n = 0. Suppose -3*i + 257 = 4*v + v, n = -4*i + 5*v + 296. Is i a composite number?
False
Let n(j) = -44*j + 2. Is n(-3) prime?
False
Let n(w) = -146*w + 5. Is n(-4) prime?
False
Let r(w) = 4*w**2 - 7*w. Let s be r(5). Let x = s - 0. Is x composite?
True
Let i(r) = -r**2 - 26*r**3 + 1 - 52*r**3 - r**2. Is i(-1) a prime number?
False
Let a(d) be the third derivative of 7*d**5/60 - d**4/24 - d**3/6 + 3*d**2. Is a(2) a prime number?
False
Suppose -197 = -2*r - 49. Is r composite?
True
Is -123*((-55)/(-3))/(-5) a prime number?
False
Let u(t) = 6*t**3 + 45*t**2 - 19*t + 45. Let c(i) = i**3 + 9*i**2 - 4*i + 9. Let q(f) = 11*c(f) - 2*u(f). Let v be q(6). Suppose 0 = -2*d + 29 + v. Is d prime?
False
Suppose -g + 4*g = 3. Is 24 - -1 - (1 - g) a prime number?
False
Let p = 39 + 46. Suppose 2*g = 601 - p. Is ((-2)/3)/((-4)/g) a composite number?
False
Let c be 16/9 + (-10)/(-45). Suppose w + 1490 = 4*i + c*w, 3*i - w - 1121 = 0. Is i prime?
True
Let w = 3469 - 1136. Is w a composite number?
False
Let o(b) = -9*b**3 + 16*b**2 + b + 11. Let x(w) = 4*w**3 - 8*w**2 - 6. Let j(y) = 3*o(y) + 7*x(y). Is j(8) a prime number?
False
Let l = 1 + -4. Suppose p = 4*d + 13, -5*p + 5*d = -3*p - 29. Is (5/1 + l)*p a prime number?
False
Let d be (1 + (-2)/(-6))*6. Is d + 0 - 4/(-2) a composite number?
True
Suppose 0 = -2*r + 3*r + 2. Let j = 4 + r. Suppose -3*w + 19 = -j*w. Is w prime?
True
Suppose -g - 13 = -4*f, -f - g = f - 11. Suppose -5*k = -4*r + 153, 4*r - f*k = 3*r + 41. Is r a composite number?
False
Let a(w) be the third derivative of -w**5/60 + w**4/4 - w**3 + 3*w**2. Let o be a(4). Suppose 2*d = 5*q + 148, q = o*d + 3*q - 148. Is d a composite number?
True
Suppose 37*v = 39*v - 254. Is v prime?
True
Suppose 0 = -4*r - r + 15. Let j = 7 - r. Is 18/j*56/12 a prime number?
False
Suppose y - 764 = 323. Is y composite?
False
Suppose 0 = -2*a - 4*r, 4*r = -3*a + 3*r. Suppose -2*x + a*z + 1156 = 2*z, -5*x + 2910 = z. Is x prime?
False
Is 1102 + (-5 + 3)*3/6 a composite number?
True
Let j = 38 - 23. Suppose t + 5*g - 3 = 0, -46 + j = -t + 2*g. Is t a prime number?
True
Suppose 2*i = 3 + 1. Is (996/(-24))/((-1)/i) composite?
False
Suppose -11*i - 19 = -12*i. Is i composite?
False
Let r(g) = g + 1. Let x = 16 - 0. Let z be ((-20)/x)/((-2)/8). Is r(z) composite?
True
Suppose 0*k = -2*k. Suppose k + 8 = 2*q. Suppose 2*m + 2*m + 4*n = 456, -q*m - 5*n + 455 = 0. Is m a composite number?
True
Suppose -3*f = -0*f - 6. Suppose -f*d + 3*v - 24 = d, 15 = 3*v. Is 1*15*(-2 - d) composite?
True
Let f(s) = 13*s**2 + s - 1. Suppose -4*b = 5*t - 39 + 6, -2*t - b + 12 = 0. Suppose -6*g + t*x = -3*g - 16, 9 = 2*g - 3*x. Is f(g) prime?
True
Let s = 521 + -204. Is s a composite number?
False
Let x = -987 - -1840. Is x a composite number?
False
Let v = 168 + -83. Is v a prime number?
False
Suppose 0 = -4*u + 143 + 13. Suppose -u = -2*w - w. Is w a prime number?
True
Suppose 4*v - 1864 = -4*s, s - v - 465 = -3*v. Is s a prime number?
True
Let u(j) = -2*j - 4. Let g be u(-3). Suppose d = g*d - 65. Is d prime?
False
Suppose 2*t + 0 = 4. Suppose -4 = -3*o + 2*c + 4, t*c + 8 = -o. Suppose -2*v + 162 = -4*k, 4*v - 2*k - k - 319 = o. Is v prime?
True
Let s = 207 + -433. Let i = 131 + s. Let n = i + 144. Is n a composite number?
True
Suppose 13 = 2*k + 4*x - 3, 0 = -x + 2. Suppose 7*i - k*i = 105. Is i a prime number?
False
Let f = -722 - -1207. Is f a prime number?
False
Suppose -g + 0*w + 4*w = -1115, 4*g + 4*w = 4560. Is g composite?
True
Is ((-2)/(-6))/((-3)/(-4113)) composite?
False
Let s = 38 + -19. Is (-3)/3*s*-1 a prime number?
True
Let b(u) = u**3 + 2*u**2 + 239. Is b(0) a prime number?
True
Let k = -4 - -2. Let o(y) = -33*y**2 - 3*y. Let u be o(k). Let i = -75 - u. Is i prime?
False
Suppose 3*w - 6 + 18 = 0. Let g be 4/3*1578/w. Is 2/5 - g/10 a composite number?
False
Let l be 56 - (2 + 4/(-2)). Let w be (-722)/22 - 6/33. Let b = w + l. Is b a prime number?
True
Let v = -10 + 4. Let q(d) = 27*d**2 + 4*d + 7. Is q(v) a prime number?
False
Let d = 7763 + -5194. Is d a composite number?
True
Let v(h) be the first derivative of 3*h + 4 + h**3 + 5/2*h**2. Is v(-4) a composite number?
False
Let s be (-40)/12*12/(-10). Suppose -s - 40 = -4*b. Is b prime?
True
Suppose 8*a = -0*a + 2008. Is a composite?
False
Let x(a) = 21*a + 1. Let q(c) = c**3 + 3*c**2 + 3*c + 3. Let r be q(-2). Is x(r) composite?
True
Suppose 3*z = -2*l + 196 - 30, 0 = -3*z - 4*l + 158. Suppose 5*o = -4*s - 35, 7*s - 4 = -o + 4*s. Let r = z + o. Is r a composite number?
False
Let l = 8 - 11. Let h be (-2)/4*(-3 - l). Suppose h = -2*r + 3*r - 13. Is r a prime number?
True
Suppose 4*l + 4*k = 5380, 5*l - k + 0*k = 6713. Is l a composite number?
True
Let t = 1321 + 40. Is t a prime number?
True
Let b = -38 - -195. Is b a prime number?
True
Suppose 1031 = 4*g - 5*n + 4*n, -5*n = -3*g + 786. Is g a prime number?
True
Is 9/(-4) + 2 + (-1885)/(-4) composite?
True
Let y(o) = -25*o + 7. Is y(-10) composite?
False
Suppose 579 = -3*f + 1500. Is f a composite number?
False
Let w = -1429 + 2172. Is w a prime number?
True
Let l(q) = -55*q + 4. Let o be l(-5). Suppose 3*x - o = -2*t + 131, -852 = -4*t + 2*x. Is t a prime number?
True
Let m = 8 + -3. Suppose -m*a - 2*y + 14 = -14, -3*y = 3. Is a/(-27) + 119/9 a composite number?
False
Suppose 5*u = 2*q - 1680, -q + 354 = -u + 3*q. Let a = u + 569. Is a a composite number?
True
Let s(o) = -o**3 + 9*o**2 - 8*o. Let v be s(8). Suppose -5*x + 770 - 180 = v. Suppose m + 2*n - 45 = 0, 3*m - m - 3*n - x = 0. Is m composite?
False
Suppose -3*z + 23 = -5*u + 126, 3*u = -5*z + 55. Suppose -v + u = -3*c, 0 = -3*c - 2*v + v - 10. Let y(n) = -n**3 - n**2 + 3*n + 6. Is y(c) a composite number?
True
Let o(q) = 54*q**2 + q. Is o(-1) a prime number?
True
Let r = 1993 - 1236. Is r a composite number?
False
Let j(x) = -x**2 + 6*x + 4. Let s be (-36)/(-2) - (-3 - -5). Let h = s + -10. Is j(h) composite?
True
Let o(r) = -23*r**3 - 4*r**2 - 3*r - 1. Is o(-5) composite?
False
Let q(d) = -d**2 + 14*d - 4. Let n be q(6). Suppose -g + n = 3*g. Is g prime?
True
Let v(s) = -2*s - 1. Let n be v(-4). Let b(r) = 39*r - 6. Is b(n) a prime number?
False
Suppose 4*d = 4*x + 128, -d + 2*x = -0*x - 34. Let r = -17 + d. Is r prime?
True
Suppose 0 = 3*v + 15. Is (-43)/(-5)*(0 - v) composite?
False
Let f(l) = -3*l - 3*l - 20*l. Let y be f(-1). Suppose -h + y = h. Is h prime?
True
Suppose r = -r + 746. Is r a prime number?
True
Is 2*(2 - 1443/(-6)) a composite number?
True
Let q(s) = s**2. Let m(l) = 2*l**2 + 14*l + 9. Let r(t) = m(t) - 3*q(t). Is r(13) a prime number?
False
Let f(a) = -11*a - 10. Is f(-17) prime?
False
Let z(a) = -2*a**3 - 2*a**2 - 10*a + 9. Let t(s) = 3*s**3 + s**2 + 10*s - 9. Let g(i) = -3*t(i) - 4*z(i). Let w be (-2)/(-4) - (-22)/4. Is g(w) prime?
False
Let x = -154 - -81. Let b = -42 - x. Is b prime?
True
Suppose 5*p = -0*p. Suppose -2*k + 2*t + 152 = 14, p = 4*t - 20. Is k a prime number?
False
Suppose -4*i - 625 = -3*s + 396, -4*i = 3*s - 1061. Is s a prime number?
True
Let h be ((-10)/(-3))/(4/18). Is (h/(-4))/(1/(-4)) a prime number?
False
Let f = 1484 - 955. Is f prime?
False
Let o be -3*(-3 - 29/(-3)). Let s = 31 - o. Suppose -c + s = -0*c. Is c prime?
False
Let q(f) = f**3 - 3*f**2 + 7*f + 8. Is q(7) a prime number?
False
Let b(j) = 2*j**3 - 3*j**2 - 3*j**2 + 5*j - 3*j**3 + 13 + 0*j. Is b(-9) prime?
True
Let h = -18 + 20. Let y(j) = 5*j + 1. Let x(b) = -6*b. Let m(v) = -4*x(v) - 3*y(v). Is m(h) a prime number?
False
Let r = 43 - -148. Is r composite?
False
Let i be 1/(-3) - (-8)/6. Suppose -2*y + i = -3. Suppose -c + 18 = u - 42, -y*c = 3*u - 123. Is c a prime number?
False
Let t = 1221 - 466. Is t a composite number?
True
Let z(h) be the second derivative of -h**5/10 - 5*h**4/12 - h**3 + 3*h**2 - 5*h. Is z(-5) composite?
True
Let h = 143 + 48. Is h a prime number?
True
Let q(k) be the first der